 2*i**j - i**2 - c + 2*i**2. Calculate f(-5).
-1
Let h(l) = -l**2 + 5*l - 1. Let x(t) = t**3 + 4*t**2 + t - 2. Let y be x(-2). Suppose y*o - 1 = 23. Give h(o).
-7
Let j be 6*(-15)/(-18)*4. Suppose -4*s + j = -0*s. Let k be s + ((-9)/(-3) - 6). Let i(d) = d. Determine i(k).
2
Let m(w) = w - 4. Let x = -17 - -12. Let v(r) = r**2 + 8*r + 7. Let k be v(x). Let i = k + 13. Give m(i).
1
Suppose -n - 4*n = -40. Let j be (-2)/4 + (-68)/n. Let w = -4 - j. Let m(l) = -l**2 + 4*l - 3. What is m(w)?
-8
Let u(h) = 2*h - 9. Suppose 17 + 4 = 3*r. Let i be u(r). Let c(j) = j**2 - 6*j + 6. Calculate c(i).
1
Let y(n) be the first derivative of -n**3/2 - 2*n**2 - n + 4. Let j(f) be the first derivative of y(f). Calculate j(-5).
11
Suppose 2*p + 17 = 5*c, 5*c = 3*p + 8 + 10. Let r(w) = -1 + c*w - w**2 - 2*w**2 - w**3 + 2*w. Determine r(-4).
-5
Let m(d) = -d**3 - 6*d**2 - 5*d - 6. Let f be m(-5). Let z(p) = p + 11. Calculate z(f).
5
Let u(s) = 11*s**2 + 6*s. Let n be (36/3)/(5 + -3). Let f(r) be the second derivative of -5*r**4/12 - r**3/2 - r. Let q(y) = n*u(y) + 13*f(y). Give q(2).
-2
Suppose 7*d - 4 = 11*d. Let z(m) = 11*m - 1. Determine z(d).
-12
Let x be 1*(-2)/(-2 + 0). Let d(j) = j**3 - j**2 + j + 1. Let l(w) = 4*w**3 - 12*w**2 - 2*w + 6. Let c(h) = x*l(h) - 5*d(h). What is c(-5)?
-14
Let a(j) be the first derivative of -j**3/3 + 5*j**2/2 - 9*j - 17. Determine a(6).
-15
Let b(u) = u**2 + 5*u + 6. Suppose -3*i - 43 = -28. Determine b(i).
6
Let p = -7 - -3. Let o be (6/4)/((-21)/(-56)). Let y(t) = -1 + 3 + t**2 + 4*t + o. Determine y(p).
6
Let y(v) = v**3 + 7*v**2 + 9*v + 8. Let o be 4/1*-1*6/4. Give y(o).
-10
Let t(n) = n**3 + 11. Suppose 13 = 2*v - 3*o + 4, -4*v + 3 = -o. Calculate t(v).
11
Let i(o) be the third derivative of o**5/60 + 5*o**4/24 - 7*o**3/6 + 7*o**2. What is i(-6)?
-1
Let n(m) be the first derivative of -m**4/12 - m**3/2 - 5*m**2 + 11. Let l(o) be the second derivative of n(o). Give l(-3).
3
Let y(b) be the first derivative of b**2/2 - 4*b - 1. Let s(j) = -1 - 4 + 4. Let w(h) = 2*s(h) + y(h). What is w(5)?
-1
Let w(q) = q**3 - 6*q**2 - 6*q - 7. Let s be w(7). Let o = -4 - s. Let k(d) = -d**2 - 6*d - 3. Determine k(o).
5
Let o(s) = s + 12. Let t = -2 + 3. Let c(r) = 1. Let b(j) = t*o(j) - 5*c(j). What is b(-5)?
2
Let y(f) = f**2 - 7*f - 11. Let o be y(8). Suppose 3*p - 7 = -4. Let h(k) = 3*k + p + 6 - 1 - 3. What is h(o)?
-6
Suppose -7 = 4*p + 5*b, 2*p = -b + 3*b + 10. Let w(f) = 0*f**3 + f + 6*f**3 - 2*f**2 - 5*f**3. Give w(p).
2
Let s(f) be the second derivative of f**3/3 - 3*f**2 - 28*f. Let u be (3/(-6))/(1/(-10)). Determine s(u).
4
Let h be (-4)/10 - 78/30. Let s be (-4)/6*h - 0. Let j(x) = x**3 - x + 4 - 2*x**s + 2*x**2. What is j(0)?
4
Let q(a) = 2*a**2 + 2*a - 3 + 2 - 5*a**2 + a**3. Let u be (-14)/(-3) - 8/(-24). Suppose 5*o - 16 = 3*b, -u*b - 2 = -o + 10. Determine q(o).
-1
Let k(q) = -q - 2. Let l = -96 + 100. Calculate k(l).
-6
Let q(w) = -5*w**2 + 7*w + 5. Let k(f) = 14*f**2 - 21*f - 14. Let l(v) = -6*k(v) - 17*q(v). Calculate l(-8).
7
Let u = -1 + -7. Let f(p) = -p**2 - 9*p + 5. Determine f(u).
13
Let t(n) = n**2 + 6*n + 1. Let x(u) = -2*u**2 + 6*u + 30. Let z be x(6). What is t(z)?
1
Let b(v) = 3*v - 3. Let a(x) = -2*x + 2. Let o(k) = 4*a(k) + 3*b(k). Suppose 0 = 5*y + 12 + 3. Give o(y).
-4
Suppose -4*n = -7*n - 15. Let p(t) = t + 3. Give p(n).
-2
Let m(j) = 3*j. Let t be 4/20 + 24/5. Suppose t*o + 16 - 6 = 0. Calculate m(o).
-6
Let v(n) = 38*n + 47*n + 2 - 88*n. Let j = 3 - 1. Give v(j).
-4
Let y(i) = -i**2 + 4*i - 5. Let o be (-210)/(-50) - 1/5. Determine y(o).
-5
Suppose -3 = -z + 2*w, -2*w = 2*z + 3*w - 15. Suppose -z*n + 16 = -9. Let j(f) = 3*f + 5. Let k(d) = 2*d + 3. Let l(m) = n*k(m) - 3*j(m). Calculate l(4).
4
Let g(i) = i**3 - 5*i**2 + i - 4. Suppose -4*t + 0*t + 5*u = 5, -4*t - 2*u = -30. Calculate g(t).
1
Let i(u) = -15*u + 1. Suppose 2*o + 0*o + 2*c = -8, -2*o + 3*c + 17 = 0. Determine i(o).
-14
Let s(n) = n**2 - 10*n + 7. Let w be s(10). Let p(u) = -u + 10. Give p(w).
3
Let h(y) = y**2 - 4*y - 7. Suppose 3*a - 16 = -7. Let q = a - -2. What is h(q)?
-2
Let a(p) = -p - 4. Let o be a(-5). Let g(f) be the second derivative of -f**4/6 - f**2/2 - 3*f. Calculate g(o).
-3
Suppose -i = -2*i + 6. Let c(b) be the first derivative of -b**3/3 + 7*b**2/2 + b + 12. Give c(i).
7
Let r(z) = -10*z**3 - 2*z**2 - z. Let t(f) = -f - 2. Let l be t(8). Let m = -11 - l. Determine r(m).
9
Let x(i) = -7*i**3 - i**2 - 5*i - 1. Let u(z) = -14*z - 4 - 3*z**2 - 3*z**3 + 4*z**3 - 21*z**3. Let v(f) = -6*u(f) + 17*x(f). Calculate v(0).
7
Let u(l) = l**3 - 2*l**2 - 4*l - 1. Let r be (-4)/(-24) - (-17)/6. What is u(r)?
-4
Suppose 13 = 3*x + 4*j, -3*j = -5*j + 8. Let n = 5 + x. Let t(l) be the second derivative of l**4/12 - 5*l**3/6 + l**2 + 3*l. What is t(n)?
-2
Let x(n) = 2 + 4*n**2 + 3*n + n - 11. Let c(o) = o**2 - 1. Let v(y) = 3*c(y) - x(y). Suppose i + 0 = -6. Determine v(i).
-6
Let x(k) be the second derivative of k**3/2 + k**2/2 + 4*k. Calculate x(-6).
-17
Let c(x) = -x - 9 + 5 + 4*x. Let g(d) = 2*d - 1. Let v be g(2). What is c(v)?
5
Let c(h) = -4*h - 5. Let x(o) = -1 - 3*o + 4*o - 1 + 1. Let n(s) = -c(s) + 4*x(s). Determine n(-1).
-7
Let p be (-20)/6 - (-14)/(-21). Let i(h) = 4 - h + 0*h - 6. Let z be i(p). Let y(x) = 4*x**2 - 2*x - 2. Calculate y(z).
10
Let m(t) be the second derivative of -t**4/12 - 16*t. Let n be (-3)/(-9) - (-7)/(-3). Let h(d) = d**3 + 2*d**2 + 2*d + 2. Let l be h(n). Calculate m(l).
-4
Let a = 23 - 41. Let b = 13 + a. Let y be b/(1/(2/(-2))). Let c(x) = -x**2 + 5*x + 1. Give c(y).
1
Let o(l) = 7*l + 8. Let y(b) = b - 5*b - 2*b - 7. Suppose 0 = -2*a - 5*i + 8, -8 = 2*a - 4*a - i. Let m(t) = a*y(t) + 3*o(t). Determine m(-3).
5
Let c = 3 + -2. Suppose 29 = 2*x - 4*j - 43, -3*x - 5*j + 97 = 0. Let i(a) = -34 + a + x. What is i(c)?
1
Let u(c) = -2*c**2 - c - 3. Let h(g) = -g**2 - 1. Let b(p) = -3*h(p) + u(p). Let x be b(0). Let l(w) = 2*w + 6 + 5 - 4 - w. Calculate l(x).
7
Let k(n) = -n**3 + 5*n**2 + 4*n - 7. Let z = 86 + -80. Calculate k(z).
-19
Let h(u) = u**3 - 3*u**2 + 8*u - 1. Let r(c) = c**3 + c**2 + c. Let t(a) = h(a) - 2*r(a). Calculate t(-6).
-1
Let q be 6/18 + (-22)/(-6). Suppose -q*r = -9*r. Let s(p) = -p + 2. Determine s(r).
2
Let n(b) be the second derivative of -13*b**3/6 - b**2/2 + 35*b. Suppose -3*c - 1 = -2*c. What is n(c)?
12
Let q = 93 + -100. Let t(k) = k**3 + 6*k**2 - 7*k - 10. Determine t(q).
-10
Let n(o) = o**3 - 4*o**2 + 3*o - 1. Suppose -2*r - 2*p + p - 9 = 0, 2*r = -2*p - 4. Let m = -4 - r. Determine n(m).
-1
Let w(f) = f + 5. Suppose 0 = -2*q - 14. Calculate w(q).
-2
Suppose -3*n + 4*p - 16 = -6, 28 = 4*n + 5*p. Let t(i) = -n*i + 9 + 6*i - 2*i. Give t(-6).
-3
Let c(a) = -4*a**2 - a + 1. Let q be c(1). Let w(r) = r**2 + 5*r + 2. What is w(q)?
-2
Let z(r) = 17*r**2 - 14*r - 8. Let h(d) = -6*d**2 + 5*d + 3. Let m(k) = 8*h(k) + 3*z(k). Calculate m(2).
8
Let j(q) = -9 + 2 - 13*q + 24*q - 8*q. Let x be (-1)/2*(-2 + -6). Let c be 2/(-4)*(x + -14). Calculate j(c).
8
Let d(r) = -r**2 + 3 + 6*r**2 + 0*r + 4*r - 6*r**2. Give d(-2).
-9
Let w(q) = -2*q + 7. Suppose 4*f = 14 + 10. What is w(f)?
-5
Suppose 0 = -3*c - l - 18, -c = 3*l + 13 + 1. Let s = -2 - c. Let x(a) be the first derivative of a**3/3 - a**2 - 3*a + 3. Calculate x(s).
0
Let h(x) = -2*x**3 - 3*x**2 - 3*x - 3. Let m(a) = -2*a + 5. Let k be m(5). Let d = k - -4. Let s = -1 + d. Calculate h(s).
7
Let d be ((-4)/5)/((-1)/(-10)). Let l be 30/d + (-7)/28. Let y(k) = k + 2. Give y(l).
-2
Let f(i) = i**3 + 4*i**2 - 5*i - 4. Let r be 3*(0 - (-12)/9). Let p = r + 0. Let b be (1 - 18/8)*p. Determine f(b).
-4
Let i(d) = -1 + 3*d + 2*d**2 + 3*d - d - 3*d. Let t = 7 - 3. Let g = t - 3. Give i(g).
3
Let b(n) = -4*n - 9. Let o(w) = w - 7. Let j be o(5). Let x(p) = p + 1. Let l(r) = j*x(r) - b(r). Let f = 92 + -97. What is l(f)?
-3
Let a(p) = p**3 + 6*p**2 - 8*p - 8. Suppose 3*f - 2 = x - f, 115 = 5*x + 5*f. Suppose -b + 11 = -2*i, 0 = -2*i - 3*b - x - 5. What is a(i)?
-1
Let c(f) be the first derivative of 1/12*f**4 - 2*f**2 + 3*f - 1 + 1/2*f**3. Let z(p) be the first derivative of c(p). Calculate z(-3).
-4
Let y(k) be the second derivative of k**5/20 + k**4/2 + 2*k**3/3 + k**2/2 - 4*k. Give y(-5).
6
Let k(o) = 61*o - 62*o + 10 + 0. Give k(8).
2
Suppose 6 -